{"id":1168,"date":"2022-06-02T10:50:34","date_gmt":"2022-06-02T10:50:34","guid":{"rendered":"http:\/\/temkad.org\/?page_id=1168"},"modified":"2026-04-30T18:24:48","modified_gmt":"2026-04-30T15:24:48","slug":"egitimler","status":"publish","type":"page","link":"https:\/\/temkad.org\/?page_id=1168","title":{"rendered":"Toplant\u0131lar"},"content":{"rendered":"<!-- wp:themify-builder\/canvas \/-->","protected":false},"excerpt":{"rendered":"","protected":false},"author":1,"featured_media":0,"parent":0,"menu_order":0,"comment_status":"closed","ping_status":"closed","template":"","meta":{"site-sidebar-layout":"default","site-content-layout":"default","ast-main-header-display":"","ast-hfb-above-header-display":"","ast-hfb-below-header-display":"","ast-hfb-mobile-header-display":"","site-post-title":"","ast-breadcrumbs-content":"","ast-featured-img":"","footer-sml-layout":"","theme-transparent-header-meta":"","adv-header-id-meta":"","stick-header-meta":"","header-above-stick-meta":"","header-main-stick-meta":"","header-below-stick-meta":"","footnotes":""},"class_list":["post-1168","page","type-page","status-publish","hentry"],"builder_content":"<h3 style=\"text-align: center;\">Ge\u00e7mi\u015f Toplant\u0131lar<\/h3>\n<h3 style=\"text-align: center;\"><a style=\"font-style: inherit; font-weight: bold; font-size: 1.66667rem;\" href=\"https:\/\/temkad.org\/?page_id=1969\">2022 y\u0131l\u0131<\/a><\/h3>\n<h3 style=\"text-align: center;\"><a href=\"https:\/\/temkad.org\/?page_id=1962\">2023 y\u0131l\u0131<\/a><\/h3>\n<h1 style=\"text-align: center;\">Erken Romatoid Artritte Tedavi Stratejileri<\/h1>\n<img src=\"https:\/\/temkad.org\/wp-content\/uploads\/2026\/04\/WhatsApp-Image-2026-04-30-at-18.03.49-730x1024-500x736.jpeg\" width=\"500\" height=\"736\" title=\"WhatsApp Image 2026-04-30 at 18.03.49\" alt=\"WhatsApp Image 2026-04-30 at 18.03.49\">\n<h1 style=\"font-size: 2.666667rem; font-style: normal; text-align: center;\"><a href=\"https:\/\/temkad.org\/wp-content\/uploads\/2026\/04\/WhatsApp-Image-2026-04-30-at-18.03.49.jpeg\" target=\"_blank\" rel=\"noopener\">Detaylar i\u00e7in l\u00fctfen t\u0131klay\u0131n.<\/a><\/h1>\n<h3 style=\"text-align: right;\">19 Haziran 2026<\/h3> <h3 style=\"text-align: right;\">Mu\u011fla S\u0131tk\u0131 Ko\u00e7man \u00dcniversitesi<\/h3> <h3 style=\"text-align: right;\">\u00a0<\/h3>\n<p style=\"text-align: right;\">23.01.2026<\/p>\n\n<h1 style=\"text-align: center;\">Klinikten Prati\u011fe Spondiloartritler<\/h1>\n<a href=\"https:\/\/temkad.org\/wp-content\/uploads\/2026\/03\/afis.jpeg\"> <img src=\"https:\/\/temkad.org\/wp-content\/uploads\/2026\/03\/afis-1024x836-500x736.jpeg\" width=\"500\" height=\"736\" title=\"afis\u0327\" alt=\"afis\u0327\"> <\/a>\n<h1 style=\"font-size: 2.66667rem; font-style: normal; color: #3a3a3a; text-align: center;\"><a href=\"https:\/\/temkad.org\/wp-content\/uploads\/2026\/03\/afis.jpeg\" target=\"_blank\" rel=\"noopener\">Detaylar i\u00e7in l\u00fctfen t\u0131klay\u0131n.<\/a><\/h1>\n<h3 style=\"text-align: right;\">25 Nisan 2026<\/h3> <h3 style=\"text-align: right;\">Villa Marine Hotel\u00a0<\/h3> <h3 style=\"text-align: right;\">Akyaka<\/h3>\n<p style=\"text-align: right;\">25.03.2026<\/p>\n\n<h1 style=\"text-align: center;\">4. Mu\u011fla Hematoloji Sempozyumu<\/h1>\n<img src=\"https:\/\/temkad.org\/wp-content\/uploads\/2026\/01\/WhatsApp-Image-2026-01-23-at-13.37.04-724x1024-500x736.jpeg\" width=\"500\" height=\"736\" title=\"WhatsApp Image 2026-01-23 at 13.37.04\" alt=\"WhatsApp Image 2026-01-23 at 13.37.04\">\n<h1 style=\"font-size: 2.666667rem; font-style: normal; text-align: center;\"><a href=\"https:\/\/muglahematolojisempozyumu.org\/2026\/index.html\" target=\"_blank\" rel=\"noopener\">Detaylar i\u00e7in l\u00fctfen t\u0131klay\u0131n.<\/a><\/h1>\n<h3 style=\"text-align: right;\">17-19 Nisan 2026<\/h3> <h3 style=\"text-align: right;\">Tui Blue Tropical\u00a0<\/h3> <h3 style=\"text-align: right;\">Mu\u011fla<\/h3> <h3 style=\"text-align: right;\">\u00a0<\/h3>\n<p style=\"text-align: right;\">23.01.2026<\/p>\n\n<h1 style=\"text-align: center;\">Dermatolojide Deneyimlerin Payla\u015f\u0131lmas\u0131<\/h1> <h1 style=\"text-align: center;\">2026 Bahar Sempozyumu<\/h1>\n<img src=\"https:\/\/temkad.org\/wp-content\/uploads\/2026\/01\/WhatsApp-Image-2026-01-23-at-13.37.05-724x1024-500x736.jpeg\" width=\"500\" height=\"736\" title=\"WhatsApp Image 2026-01-23 at 13.37.05\" alt=\"WhatsApp Image 2026-01-23 at 13.37.05\">\n<h1 style=\"font-size: 2.666667rem; font-style: normal; text-align: center;\"><a href=\"https:\/\/mugladermasempozyumu.org\/2026\/index.html\" target=\"_blank\" rel=\"noopener\">Detaylar i\u00e7in l\u00fctfen t\u0131klay\u0131n.<\/a><\/h1>\n<h3 style=\"text-align: right;\">28-29 Mart 2026<\/h3> <h3 style=\"text-align: right;\">Mu\u011fla S\u0131tk\u0131 Ko\u00e7man \u00dcniversitesi<\/h3> <h3 style=\"text-align: right;\">Atat\u00fcrk K\u00fclt\u00fcr Merkezi<\/h3> <h3 style=\"text-align: right;\">\u00a0<\/h3>\n<p style=\"text-align: right;\">23.01.2026<\/p>\n\n<h1 style=\"text-align: center;\">14. \u0130zmir Hematoloji Sempozyumu<\/h1>\n<img src=\"https:\/\/temkad.org\/wp-content\/uploads\/2026\/01\/WhatsApp-Image-2026-01-23-at-13.37.05-1-724x1024-500x736.jpeg\" width=\"500\" height=\"736\" title=\"WhatsApp Image 2026-01-23 at 13.37.05 (1)\" alt=\"WhatsApp Image 2026-01-23 at 13.37.05 (1)\">\n<h1 style=\"font-size: 2.666667rem; font-style: normal; text-align: center;\"><a href=\"https:\/\/izmirhematolojikongresi.org\/2026\/index.html\" target=\"_blank\" rel=\"noopener\">Detaylar i\u00e7in l\u00fctfen t\u0131klay\u0131n.<\/a><\/h1>\n<h3 style=\"text-align: right;\">3-5 Nisan 2026<\/h3> <h3 style=\"text-align: right;\">Hilton Garden Inn\u00a0<\/h3> <h3 style=\"text-align: right;\">Bayrakl\u0131 \u0130ZM\u0130R<\/h3> <h3 style=\"text-align: right;\">\u00a0<\/h3>\n<p style=\"text-align: right;\">23.01.2026<\/p>\n\n<h1 style=\"text-align: center;\">3. Romatolojik Aciller Sempozyumu<\/h1>\n<img src=\"https:\/\/temkad.org\/wp-content\/uploads\/2025\/09\/sponsorluk_dosyasi_romatolojik-aciller1-512x1024-500x736.jpg\" width=\"500\" height=\"736\" title=\"sponsorluk_dosyas\u0131_romatolojik aciller[1]\" alt=\"sponsorluk_dosyas\u0131_romatolojik aciller[1]\">\n<h1 style=\"font-size: 2.666667rem; font-style: normal; text-align: center;\"><a href=\"https:\/\/temkad.org\/wp-content\/uploads\/2025\/09\/sponsorluk_dosyasi_romatolojik-aciller.pdf\" target=\"_blank\" rel=\"noopener\">Bilimsel Program i\u00e7in l\u00fctfen t\u0131klay\u0131n.<\/a><\/h1>\n<h3 style=\"text-align: right;\">22 Kas\u0131m 2025<\/h3> <h3 style=\"text-align: right;\">Mu\u011fla S\u0131tk\u0131 Ko\u00e7man \u00dcniversitesi\u00a0<\/h3> <h3 style=\"text-align: right;\">Atat\u00fcrk K\u00fclt\u00fcr Merkezi<\/h3> <h3 style=\"text-align: right;\">Mente\u015fe \/ MU\u011eLA\u00a0<\/h3>\n<p style=\"text-align: right;\">15.09.2025<\/p>\n\n<h1 style=\"text-align: center;\">Dermatolojik Hastal\u0131klarda Deneyimlerin Payla\u015f\u0131m\u0131 Sempozyumu<\/h1>\n<img src=\"https:\/\/temkad.org\/wp-content\/uploads\/2025\/08\/derma-500x736.jpg\" width=\"500\" height=\"736\" title=\"derma\" alt=\"derma\">\n<h1 style=\"font-size: 2.666667rem; font-style: normal; text-align: center;\"><a href=\"https:\/\/temkad.org\/wp-content\/uploads\/2025\/08\/Dermatolojik-Hastaliklarda-Deneyimlerin-Paylasimi-Sempozyumu-Bilimsel-Program.pdf\" target=\"_blank\" rel=\"noopener\">Bilimsel Program i\u00e7in l\u00fctfen t\u0131klay\u0131n.<\/a><\/h1>\n<h3 style=\"text-align: right;\">11 Ekim 2025<\/h3> <h3 style=\"text-align: right;\">Mu\u011fla S\u0131tk\u0131 Ko\u00e7man \u00dcniversitesi\u00a0<\/h3> <h3 style=\"text-align: right;\">Atat\u00fcrk K\u00fclt\u00fcr Merkezi<\/h3> <h3 style=\"text-align: right;\">Mente\u015fe \/ MU\u011eLA\u00a0<\/h3>\n<p style=\"text-align: right;\">25.07.2025<\/p>\n\n<h1 style=\"text-align: center;\">T\u00fcm Y\u00f6nleriyle B\u00f6brek Naklinde Ya\u015fanan Sorunlar ve \u00c7\u00f6z\u00fcm Ara\u015ft\u0131\u015flar\u0131 : Kadavradan B\u00f6brek Nakli<\/h1>\n<img src=\"https:\/\/temkad.org\/wp-content\/uploads\/2025\/07\/26-Temmuz-2025_Calisma-Yuzeyi-1-724x1024-500x736.jpg\" width=\"500\" height=\"736\" title=\"26 Temmuz 2025_\u00c7al\u0131\u015fma Y\u00fczeyi 1\" alt=\"26 Temmuz 2025_\u00c7al\u0131\u015fma Y\u00fczeyi 1\">\n<h1 style=\"font-size: 2.666667rem; font-style: normal; text-align: center;\"><a href=\"https:\/\/temkad.org\/wp-content\/uploads\/2025\/07\/26-Temmuz-2025-1.pdf\" target=\"_blank\" rel=\"noopener\">Bilimsel Program i\u00e7in l\u00fctfen t\u0131klay\u0131n.<\/a><\/h1>\n<h3 style=\"text-align: right;\">26 Temmuz 2025<\/h3> <h3 style=\"text-align: right;\">Mu\u011fla E\u011fitim Ara\u015ft\u0131rma Hastanesi\u00a0<\/h3> <h3 style=\"text-align: right;\">Ba\u015fhekimlik Salonu<\/h3> <h3 style=\"text-align: right;\">Merkez \/ Mente\u015fe \/ MU\u011eLA\u00a0<\/h3>\n<p style=\"text-align: right;\">12.06.2025<\/p>\n\n<h1 style=\"text-align: center;\">B\u00f6brek Naklinde G\u00fcncel Tedaviler<\/h1>\n<img src=\"https:\/\/temkad.org\/wp-content\/uploads\/2025\/04\/WhatsApp-Image-2025-04-28-at-10.15.15-724x1024-500x736.jpeg\" width=\"500\" height=\"736\" title=\"WhatsApp Image 2025-04-28 at 10.15.15\" alt=\"WhatsApp Image 2025-04-28 at 10.15.15\">\n<h1 style=\"font-size: 2.666667rem; font-style: normal; text-align: center;\"><a href=\"https:\/\/temkad.org\/wp-content\/uploads\/2025\/05\/Bobrek-Naklinde-Guncel-Tedaviler_20-Haziran.pdf\" target=\"_blank\" rel=\"noopener\">Bilimsel Program i\u00e7in l\u00fctfen t\u0131klay\u0131n.<\/a><\/h1>\n<h3 style=\"text-align: right;\">20 Haziran 2025<\/h3> <h3 style=\"text-align: right;\">Hilton Garden Inn Konya<\/h3> \u00a0\n<p style=\"text-align: right;\">28.04.2025<\/p>\n\n<h1 style=\"text-align: center;\">Mu\u011fla - Denizli Hematoloji Sempozyumu \u00a0<\/h1>\n<img src=\"https:\/\/temkad.org\/wp-content\/uploads\/2025\/03\/Mugla-Denizli-Hematoloji-Sempozyumu_Calisma-Yuzeyi-1-kopya-2-724x1024-500x736.jpg\" width=\"500\" height=\"736\" title=\"Mu\u011fla-Denizli Hematoloji Sempozyumu_\u00c7al\u0131\u015fma Y\u00fczeyi 1 kopya 2\" alt=\"Mu\u011fla-Denizli Hematoloji Sempozyumu_\u00c7al\u0131\u015fma Y\u00fczeyi 1 kopya 2\">\n<h1 style=\"font-size: 2.666667rem; font-style: normal; text-align: center;\"><a href=\"https:\/\/temkad.org\/wp-content\/uploads\/2025\/03\/MUGLA-DENIZLI-TOPLANTI-BILIMSEL-PROGRAM.pdf\" target=\"_blank\" rel=\"noopener\">Bilimsel Program i\u00e7in l\u00fctfen t\u0131klay\u0131n.<\/a><\/h1>\n<h3 style=\"text-align: right;\">24 May\u0131s 2025<\/h3> <h3 style=\"text-align: right;\">Y\u00fccelen Otel<\/h3> Akyaka \/ ULA \/ MU\u011eLA <h3 style=\"text-align: right;\">\u00a0<\/h3>\n<p style=\"text-align: right;\">14.03.2025<\/p>\n\n<h1 style=\"text-align: center;\">Romatolojik Hastal\u0131klarda Bilgisayarl\u0131 Tomografi ile Akci\u011fer De\u011ferlendirme \u00a0<\/h1>\n<a href=\"https:\/\/temkad.org\/wp-content\/uploads\/2025\/01\/sponsorluk_dosyasi_mugla_1Subat.pdf\"> <img src=\"https:\/\/temkad.org\/wp-content\/uploads\/2025\/02\/5-Nisan-2025_Calisma-Yuzeyi-1-724x1024-500x736.jpg\" width=\"500\" height=\"736\" title=\"5 Nisan 2025_\u00c7al\u0131\u015fma Y\u00fczeyi 1\" alt=\"5 Nisan 2025_\u00c7al\u0131\u015fma Y\u00fczeyi 1\"> <\/a>\n<h1 style=\"font-size: 2.666667rem; font-style: normal; text-align: center;\"><a href=\"https:\/\/temkad.org\/wp-content\/uploads\/2025\/02\/5-Nisan-2025.pdf\" target=\"_blank\" rel=\"noopener\">Bilimsel Program i\u00e7in l\u00fctfen t\u0131klay\u0131n.<\/a><\/h1>\n<h3 style=\"text-align: right;\">5 Nisan 2025<\/h3> <h3 style=\"text-align: right;\">Etiler Plus Restaurant<\/h3> AYDIN <h3 style=\"text-align: right;\">\u00a0<\/h3>\n<p style=\"text-align: right;\">17.02.2025<\/p>\n\n<h1 style=\"text-align: center;\">Dermatolojik Hastal\u0131klarda Yakla\u015f\u0131m<\/h1>\n<a href=\"https:\/\/temkad.org\/wp-content\/uploads\/2025\/03\/Dermatolojik-Hastaliklara-Yaklasim-Program.pdf\"> <img src=\"https:\/\/temkad.org\/wp-content\/uploads\/2025\/03\/Temkad-Toplanti_ONAYLI_Calisma-Yuzeyi-1-kopya-724x1024-500x736.jpg\" width=\"500\" height=\"736\" title=\"Temkad Toplant\u0131_ONAYLI_\u00c7al\u0131\u015fma Y\u00fczeyi 1 kopya\" alt=\"Temkad Toplant\u0131_ONAYLI_\u00c7al\u0131\u015fma Y\u00fczeyi 1 kopya\"> <\/a>\n<h1 style=\"font-size: 2.666667rem; font-style: normal; text-align: center;\"><a href=\"https:\/\/temkad.org\/wp-content\/uploads\/2025\/03\/Dermatolojik-Hastaliklara-Yaklasim-Program.pdf\" target=\"_blank\" rel=\"noopener\">Bilimsel Program i\u00e7in l\u00fctfen t\u0131klay\u0131n.<\/a><\/h1>\n<h3 style=\"text-align: right;\">12 Nisan 2025<\/h3> <h3 style=\"text-align: right;\">Mu\u011fla S\u0131tk\u0131 Ko\u00e7man \u00dcniversitesi<\/h3> Atat\u00fcrk K\u00fclt\u00fcr Merkezi <h3 style=\"text-align: right;\">MU\u011eLA<\/h3> <h3 style=\"text-align: right;\">\u00a0<\/h3>\n<p style=\"text-align: right;\">25.01.2025<\/p>\n\n<h1 style=\"text-align: center;\">A'dan Z'ye Romatolojik Hastal\u0131klarda JAK \u0130nhibit\u00f6rleri\u00a0<\/h1>\n<a href=\"https:\/\/temkad.org\/wp-content\/uploads\/2025\/01\/sponsorluk_dosyasi_mugla_1Subat.pdf\"> <img src=\"https:\/\/temkad.org\/wp-content\/uploads\/2025\/01\/jak-727x1024-500x736.jpeg\" width=\"500\" height=\"736\" title=\"jak\" alt=\"jak\"> <\/a>\n<h1 style=\"font-size: 2.666667rem; font-style: normal; text-align: center;\"><a href=\"https:\/\/temkad.org\/wp-content\/uploads\/2025\/01\/bilimsel_program.pdf\" target=\"_blank\" rel=\"noopener\">Bilimsel Program i\u00e7in l\u00fctfen t\u0131klay\u0131n.<\/a><\/h1>\n<h1 style=\"font-size: 2.666667rem; font-style: normal; text-align: center;\"><a href=\"https:\/\/temkad.org\/wp-content\/uploads\/2025\/01\/sponsorluk_dosyasi.pdf\" target=\"_blank\" rel=\"noopener\">Sponsorluk Dosyas\u0131 i\u00e7in l\u00fctfen t\u0131klay\u0131n.<\/a><\/h1>\n<h3 style=\"text-align: right;\">1 \u015eubat 2025<\/h3> <h3 style=\"text-align: right;\">Mu\u011fla S\u0131tk\u0131 Ko\u00e7man \u00dcniversitesi<\/h3> Atat\u00fcrk K\u00fclt\u00fcr Merkezi <h3 style=\"text-align: right;\">MU\u011eLA<\/h3> <h3 style=\"text-align: right;\">\u00a0<\/h3>\n<p style=\"text-align: right;\">06.01.2025<\/p>\n\n<h1 style=\"text-align: center;\">13. \u0130zmir Hematoloji Sempozyumu<\/h1>\n<img src=\"https:\/\/temkad.org\/wp-content\/uploads\/2024\/12\/ONAYLI__Calisma-Yuzeyi-1-724x1024-500x755.jpg\" width=\"500\" height=\"755\" title=\"ONAYLI__\u00c7al\u0131\u015fma Y\u00fczeyi 1\" alt=\"ONAYLI__\u00c7al\u0131\u015fma Y\u00fczeyi 1\">\n<h1 style=\"text-align: center;\"><a href=\"https:\/\/temkad.org\/wp-content\/uploads\/2025\/04\/13.-IZMIR-HEMATOLOJI-SEMPOZYUMU-BILIMSEL-PROGRAM-ANTETLI-1.pdf\" target=\"_blank\" rel=\"noopener\">Bilimsel Program i\u00e7in l\u00fctfen t\u0131klay\u0131n.<\/a><\/h1>\n<h3 style=\"text-align: right;\">25-27 Nisan 2025<\/h3> <h3 style=\"text-align: right;\">\u0130zmir \u015eehir Hastanesi - Oditoryum Salonu<\/h3> <h3 style=\"text-align: right;\">\u0130ZM\u0130R<\/h3> <h3 style=\"text-align: right;\">\u00a0<\/h3>\n<p style=\"text-align: right;\">11.12.2024<\/p>\n\n<h1 style=\"text-align: center;\">III. Mu\u011fla Hematoloji Sempozyumu<\/h1>\n<img src=\"https:\/\/temkad.org\/wp-content\/uploads\/2024\/11\/ONAYLI__Calisma-Yuzeyi-1-kopya-2-724x1024-500x755.jpg\" width=\"500\" height=\"755\" title=\"ONAYLI__\u00c7al\u0131\u015fma Y\u00fczeyi 1 kopya 2\" alt=\"ONAYLI__\u00c7al\u0131\u015fma Y\u00fczeyi 1 kopya 2\">\n<h1 style=\"text-align: center;\"><a href=\"https:\/\/temkad.org\/wp-content\/uploads\/2024\/11\/KAYITKONAKLAMA.pdf\" target=\"_blank\" rel=\"noopener\">Kay\u0131t \/ Konaklama i\u00e7in l\u00fctfen t\u0131klay\u0131n.<\/a><\/h1>\n<h1 style=\"text-align: center;\"><a href=\"https:\/\/temkad.org\/wp-content\/uploads\/2025\/02\/3.-MUGLA-HEMATOLOJI-SEMPOZYUMU-PROGRAM-2.pdf\" target=\"_blank\" rel=\"noopener\">Bilimsel Program i\u00e7in l\u00fctfen t\u0131klay\u0131n.<\/a><\/h1>\n<h3 style=\"text-align: right;\">21-23 \u015eubat 2025<\/h3> <h3 style=\"text-align: right;\">Y\u00fccelen Otel\u00a0<\/h3> <h3 style=\"text-align: right;\">Akyaka \/ MU\u011eLA<\/h3> <h3 style=\"text-align: right;\">\u00a0<\/h3>\n<p style=\"text-align: right;\">15.11.2024<\/p>\n\n<h1 style=\"text-align: center;\">\u0130\u00c7 HASTALIKLARI PRAT\u0130\u011e\u0130NDE KOLON\u0130 ST\u0130M\u00dcLE ED\u0130C\u0130 FAKT\u00d6RLER<\/h1>\n<img src=\"https:\/\/temkad.org\/wp-content\/uploads\/2024\/12\/IC-HASTALIKLARI-PRATIGINDE-KOLONI-STIMULE-EDICI-FAKTORLER_Calisma-Yuzeyi-1-724x1024-500x755.jpg\" width=\"500\" height=\"755\" title=\"\u0130\u00c7 HASTALIKLARI PRAT\u0130\u011e\u0130NDE KOLON\u0130 ST\u0130M\u00dcLE ED\u0130C\u0130 FAKT\u00d6RLER_\u00c7al\u0131\u015fma Y\u00fczeyi 1\" alt=\"\u0130\u00c7 HASTALIKLARI PRAT\u0130\u011e\u0130NDE KOLON\u0130 ST\u0130M\u00dcLE ED\u0130C\u0130 FAKT\u00d6RLER_\u00c7al\u0131\u015fma Y\u00fczeyi 1\">\n\n<h3 style=\"text-align: right;\">28 Ocak 2025<\/h3> <h3 style=\"text-align: right;\">Mu\u011fla S\u0131tk\u0131 Ko\u00e7man \u00dcniversitesi\u00a0<\/h3> <h3 style=\"text-align: right;\">Ara\u015ft\u0131rma Laboratuvarlar\u0131 Merkezi Binas\u0131\u00a0<\/h3> <h3 style=\"text-align: right;\">Toplant\u0131 Salonu<\/h3> <h3 style=\"text-align: right;\">\u00a0MU\u011eLA<\/h3> <h3 style=\"text-align: right;\">\u00a0<\/h3>\n<p style=\"text-align: right;\">11.12.2024<\/p>\n\n<h1 style=\"text-align: center;\">Acil Servise Ba\u015fvuran Dermatoloji Hastalar\u0131nda Yakla\u015f\u0131m\u00a0<\/h1>\n<img src=\"https:\/\/temkad.org\/wp-content\/uploads\/2024\/06\/WhatsApp-Gorsel-2024-06-12-saat-17.08.25_d6c7c887-1024x1024-700x755.jpg\" width=\"700\" height=\"755\" title=\"WhatsApp G\u00f6rsel 2024-06-12 saat 17.08.25_d6c7c887\" alt=\"WhatsApp G\u00f6rsel 2024-06-12 saat 17.08.25_d6c7c887\">\n<h1 style=\"text-align: center;\"><a href=\"https:\/\/temkad.org\/wp-content\/uploads\/2024\/09\/ACIL-SERVISE-BASVURAN-DERMATOLOJI-HASTALARINDA-YAKLASIM-PROGRAM.pdf\" target=\"_blank\" rel=\"noopener\">Bilimsel Program i\u00e7in l\u00fctfen t\u0131klay\u0131n.<\/a><\/h1>\n<h3 style=\"text-align: right;\">12 Ekim 2024<\/h3> <h3 style=\"text-align: right;\">Atat\u00fcrk K\u00fclt\u00fcr Merkezi<\/h3> <h3 style=\"text-align: right;\">Mu\u011fla\u00a0S\u0131tk\u0131 Ko\u00e7man \u00dcniversitesi<\/h3> <h3 style=\"text-align: right;\">\u00a0<\/h3>\n<p style=\"text-align: right;\">30.01.2024<\/p>\n\n<h1 style=\"text-align: center;\">12. Bozyaka Hematoloji Sempozyumu<\/h1>\n<img src=\"https:\/\/temkad.org\/wp-content\/uploads\/2024\/01\/bozyaka-724x1024-561x755.jpeg\" width=\"561\" height=\"755\" title=\"bozyaka\" alt=\"bozyaka\">\n<h1 style=\"text-align: center;\"><a href=\"https:\/\/temkad.org\/wp-content\/uploads\/2024\/04\/BILIMSEL-PROGRAM.pdf\" target=\"_blank\" rel=\"noopener\">Bilimsel Program i\u00e7in l\u00fctfen t\u0131klay\u0131n...<\/a><\/h1>\n<h3 style=\"text-align: right;\">03-05 May\u0131s 2024<\/h3> <h3 style=\"text-align: right;\">Wyndham Grand \u0130zmir \u00d6zdilek\u00a0<\/h3> <h3 style=\"text-align: right;\">\u00a0<\/h3>\n<p style=\"text-align: right;\">08.01.2024<\/p>\n\n<h1 style=\"text-align: center;\">2. Mu\u011fla Hematoloji Sempozyumu<\/h1>\n<img src=\"https:\/\/temkad.org\/wp-content\/uploads\/2024\/01\/WhatsApp-Image-2024-01-24-at-18.21.48-1024x1024-700x755.jpeg\" width=\"700\" height=\"755\" title=\"WhatsApp Image 2024-01-24 at 18.21.48\" alt=\"WhatsApp Image 2024-01-24 at 18.21.48\">\n<h1 style=\"text-align: center;\"><a href=\"https:\/\/temkad.org\/wp-content\/uploads\/2024\/04\/2.hemoto-BILIMSEL-PROGRAM.pdf\" target=\"_blank\" rel=\"noopener\">Bilimsel Program i\u00e7in l\u00fctfen t\u0131klay\u0131n...<\/a><\/h1>\n<h3 style=\"text-align: right;\">19-21 Nisan 2024<\/h3> <h3 style=\"text-align: right;\">Tui Blu Tropical\u00a0<\/h3> <h3 style=\"text-align: right;\">Ortaca,Mu\u011fla\u00a0<\/h3> <h3 style=\"text-align: right;\">\u00a0<\/h3>\n<h3 style=\"font-size: 1.666667rem; font-style: normal; text-align: right;\"><a href=\"https:\/\/temkad.org\/wp-content\/uploads\/2024\/02\/KAYIT-KONAKLAMA-UCRETLERI.pdf\" target=\"_blank\" rel=\"noopener\">Kay\u0131t ve Konaklama \u00dccretleri i\u00e7in T\u0131klay\u0131n\u0131z\u00a0<\/a><\/h3> <h3 style=\"font-size: 1.666667rem; font-style: normal; text-align: right;\">\u00a0<\/h3> <h3 style=\"font-size: 1.666667rem; font-style: normal; text-align: right;\"><a href=\"https:\/\/temkad.org\/wp-content\/uploads\/2024\/02\/BILDIRI-OZETI-GONDERIM.pdf\" target=\"_blank\" rel=\"noopener\">Bildiri \u00d6zeti G\u00f6nderimi i\u00e7in T\u0131klay\u0131n\u0131z<\/a><\/h3> \u00a0\n<p style=\"text-align: right;\">24.01.2024<\/p>\n\n<h1 style=\"text-align: center;\">Suri\u00e7i Toplant\u0131lar\u0131 Multipl Miyelom Tedavisinde G\u00fcncel Geli\u015fmeler ve Proteozom \u0130nhibit\u00f6rleri\u00a0\u00a0<\/h1>\n<img src=\"https:\/\/temkad.org\/wp-content\/uploads\/2024\/03\/Surici-Toplantilari-Multipl-Miyelom-Tedavisinde-Guncel-Gelismeler-ve-Proteozom-Inhibitorleri-1024x1024-700x755.jpeg\" width=\"700\" height=\"755\" title=\"Suri\u00e7i Toplant\u0131lar\u0131 Multipl Miyelom Tedavisinde G\u00fcncel Geli\u015fmeler ve Proteozom \u0130nhibit\u00f6rleri\" alt=\"Suri\u00e7i Toplant\u0131lar\u0131 Multipl Miyelom Tedavisinde G\u00fcncel Geli\u015fmeler ve Proteozom \u0130nhibit\u00f6rleri\">\n<h1 style=\"text-align: center;\"><a href=\"https:\/\/temkad.org\/wp-content\/uploads\/2024\/03\/PROGRAMM.pdf\" target=\"_blank\" rel=\"noopener\">Bilimsel Program i\u00e7in l\u00fctfen t\u0131klay\u0131n.<\/a><\/h1>\n<h3 style=\"text-align: right;\">19 Nisan 2024<\/h3> <h3 style=\"text-align: right;\">Develi 1912\u00a0Florya<\/h3> <h3 style=\"text-align: right;\">\u00a0<\/h3>\n<p style=\"text-align: right;\">01.03.2024<\/p>\n\n<h1 style=\"text-align: center;\">Dermatolojik Hastal\u0131klarda Multidisipliner Yakla\u015f\u0131m<\/h1>\n<a href=\"https:\/\/temkad.org\/wp-content\/uploads\/2024\/01\/derma.jpg\"> <img src=\"https:\/\/temkad.org\/wp-content\/uploads\/2024\/01\/derma-724x1024-561x755.jpg\" width=\"561\" height=\"755\" title=\"derma\" alt=\"derma\"> <\/a>\n<h1 style=\"text-align: center;\"><a href=\"https:\/\/temkad.org\/wp-content\/uploads\/2024\/01\/BILIMSEL-PROGRAM-v3.pdf\">Bilimsel Program i\u00e7in l\u00fctfen t\u0131klay\u0131n...<\/a><\/h1>\n<h3 style=\"text-align: right;\">2 Mart 2024<\/h3> <h3 style=\"text-align: right;\">Mu\u011fla S\u0131tk\u0131 Ko\u00e7man \u00dcniversitesi\u00a0<\/h3> <h3 style=\"text-align: right;\">Atat\u00fcrk K\u00fclt\u00fcr Merkezi, MU\u011eLA\u00a0<\/h3> <h3 style=\"text-align: right;\">\u00a0<\/h3>\n<p style=\"text-align: right;\">08.01.2024<\/p>\n","_links":{"self":[{"href":"https:\/\/temkad.org\/index.php?rest_route=\/wp\/v2\/pages\/1168","targetHints":{"allow":["GET"]}}],"collection":[{"href":"https:\/\/temkad.org\/index.php?rest_route=\/wp\/v2\/pages"}],"about":[{"href":"https:\/\/temkad.org\/index.php?rest_route=\/wp\/v2\/types\/page"}],"author":[{"embeddable":true,"href":"https:\/\/temkad.org\/index.php?rest_route=\/wp\/v2\/users\/1"}],"replies":[{"embeddable":true,"href":"https:\/\/temkad.org\/index.php?rest_route=%2Fwp%2Fv2%2Fcomments&post=1168"}],"version-history":[{"count":280,"href":"https:\/\/temkad.org\/index.php?rest_route=\/wp\/v2\/pages\/1168\/revisions"}],"predecessor-version":[{"id":2542,"href":"https:\/\/temkad.org\/index.php?rest_route=\/wp\/v2\/pages\/1168\/revisions\/2542"}],"wp:attachment":[{"href":"https:\/\/temkad.org\/index.php?rest_route=%2Fwp%2Fv2%2Fmedia&parent=1168"}],"curies":[{"name":"wp","href":"https:\/\/api.w.org\/{rel}","templated":true}]}}