{"id":2324,"date":"2025-09-11T14:56:30","date_gmt":"2025-09-11T11:56:30","guid":{"rendered":"https:\/\/temkad.org\/?page_id=2324"},"modified":"2025-09-11T15:02:07","modified_gmt":"2025-09-11T12:02:07","slug":"olagan-genel-kurul-duyurusu","status":"publish","type":"page","link":"https:\/\/temkad.org\/?page_id=2324","title":{"rendered":"Ola\u011fan Genel Kurul Duyurusu"},"content":{"rendered":"<p><!--themify_builder_static--><\/p>\n<h3>Derne\u011fimizin ola\u011fan genel kurul toplant\u0131s\u0131n\u0131n 29.09.2025 g\u00fcn\u00fc saat 18:00&#8217;da yap\u0131lmas\u0131na, gerekli \u00e7o\u011funlu\u011fun sa\u011flanamad\u0131\u011f\u0131 takdirde 20.10.2025 tarihinde ve ayn\u0131 saatte a\u015fa\u011f\u0131daki program dahilinde yap\u0131lmas\u0131na oybirli\u011fi ile karar verilmi\u015ftir.<\/h3>\n<h3>\u00a0<\/h3>\n<ul>\n<li>A\u00e7\u0131l\u0131\u015f ve Yoklama,<\/li>\n<li>Divan ba\u015fkanl\u0131\u011f\u0131 se\u00e7imi,<\/li>\n<li>Sayg\u0131 Duru\u015fu ve \u0130stiklal Mar\u015f\u0131,<\/li>\n<li>Y\u00f6netim Kurulu Ba\u015fkan\u0131n\u0131n konu\u015fmas\u0131,<\/li>\n<li>Y\u00f6netim Kurulu ve Denetleme Kurulu Faaliyetlerinin ibras\u0131,<\/li>\n<li>Tahmini B\u00fct\u00e7enin G\u00f6r\u00fc\u015f\u00fclmesi,<\/li>\n<li>Dernek Organlar\u0131n\u0131n Asil ve Yedek \u00dcyelerinin Se\u00e7imi,<\/li>\n<li>Dilek ve Temenniler,<\/li>\n<li>Kapan\u0131\u015f.<\/li>\n<\/ul>\n<p><!--\/themify_builder_static--><\/p>\n","protected":false},"excerpt":{"rendered":"<p>Derne\u011fimizin ola\u011fan genel kurul toplant\u0131s\u0131n\u0131n 29.09.2025 g\u00fcn\u00fc saat 18:00&#8217;da yap\u0131lmas\u0131na, gerekli \u00e7o\u011funlu\u011fun sa\u011flanamad\u0131\u011f\u0131 takdirde 20.10.2025 tarihinde ve ayn\u0131 saatte a\u015fa\u011f\u0131daki program dahilinde yap\u0131lmas\u0131na oybirli\u011fi ile karar verilmi\u015ftir. \u00a0 A\u00e7\u0131l\u0131\u015f ve Yoklama, Divan ba\u015fkanl\u0131\u011f\u0131 se\u00e7imi, Sayg\u0131 Duru\u015fu ve \u0130stiklal Mar\u015f\u0131, Y\u00f6netim Kurulu Ba\u015fkan\u0131n\u0131n konu\u015fmas\u0131, Y\u00f6netim Kurulu ve Denetleme Kurulu Faaliyetlerinin ibras\u0131, Tahmini B\u00fct\u00e7enin G\u00f6r\u00fc\u015f\u00fclmesi, Dernek Organlar\u0131n\u0131n &hellip;<\/p>\n<p class=\"read-more\"> <a class=\"\" href=\"https:\/\/temkad.org\/?page_id=2324\"> <span class=\"screen-reader-text\">Ola\u011fan Genel Kurul Duyurusu<\/span> Devam\u0131 &raquo;<\/a><\/p>\n","protected":false},"author":1,"featured_media":0,"parent":0,"menu_order":0,"comment_status":"closed","ping_status":"closed","template":"","meta":{"site-sidebar-layout":"default","site-content-layout":"default","ast-main-header-display":"","ast-hfb-above-header-display":"","ast-hfb-below-header-display":"","ast-hfb-mobile-header-display":"","site-post-title":"","ast-breadcrumbs-content":"","ast-featured-img":"","footer-sml-layout":"","theme-transparent-header-meta":"","adv-header-id-meta":"","stick-header-meta":"","header-above-stick-meta":"","header-main-stick-meta":"","header-below-stick-meta":"","footnotes":""},"class_list":["post-2324","page","type-page","status-publish","hentry"],"builder_content":"<h3>Derne\u011fimizin ola\u011fan genel kurul toplant\u0131s\u0131n\u0131n 29.09.2025 g\u00fcn\u00fc saat 18:00'da yap\u0131lmas\u0131na, gerekli \u00e7o\u011funlu\u011fun sa\u011flanamad\u0131\u011f\u0131 takdirde 20.10.2025 tarihinde ve ayn\u0131 saatte a\u015fa\u011f\u0131daki program dahilinde yap\u0131lmas\u0131na oybirli\u011fi ile karar verilmi\u015ftir.<\/h3> <h3>\u00a0<\/h3> <ul> <li>A\u00e7\u0131l\u0131\u015f ve Yoklama,<\/li> <li>Divan ba\u015fkanl\u0131\u011f\u0131 se\u00e7imi,<\/li> <li>Sayg\u0131 Duru\u015fu ve \u0130stiklal Mar\u015f\u0131,<\/li> <li>Y\u00f6netim Kurulu Ba\u015fkan\u0131n\u0131n konu\u015fmas\u0131,<\/li> <li>Y\u00f6netim Kurulu ve Denetleme Kurulu Faaliyetlerinin ibras\u0131,<\/li> <li>Tahmini B\u00fct\u00e7enin G\u00f6r\u00fc\u015f\u00fclmesi,<\/li> <li>Dernek Organlar\u0131n\u0131n Asil ve Yedek \u00dcyelerinin Se\u00e7imi,<\/li> <li>Dilek ve Temenniler,<\/li> <li>Kapan\u0131\u015f.<\/li> <\/ul>","_links":{"self":[{"href":"https:\/\/temkad.org\/index.php?rest_route=\/wp\/v2\/pages\/2324","targetHints":{"allow":["GET"]}}],"collection":[{"href":"https:\/\/temkad.org\/index.php?rest_route=\/wp\/v2\/pages"}],"about":[{"href":"https:\/\/temkad.org\/index.php?rest_route=\/wp\/v2\/types\/page"}],"author":[{"embeddable":true,"href":"https:\/\/temkad.org\/index.php?rest_route=\/wp\/v2\/users\/1"}],"replies":[{"embeddable":true,"href":"https:\/\/temkad.org\/index.php?rest_route=%2Fwp%2Fv2%2Fcomments&post=2324"}],"version-history":[{"count":6,"href":"https:\/\/temkad.org\/index.php?rest_route=\/wp\/v2\/pages\/2324\/revisions"}],"predecessor-version":[{"id":2330,"href":"https:\/\/temkad.org\/index.php?rest_route=\/wp\/v2\/pages\/2324\/revisions\/2330"}],"wp:attachment":[{"href":"https:\/\/temkad.org\/index.php?rest_route=%2Fwp%2Fv2%2Fmedia&parent=2324"}],"curies":[{"name":"wp","href":"https:\/\/api.w.org\/{rel}","templated":true}]}}