{"id":838,"date":"2022-04-19T12:27:28","date_gmt":"2022-04-19T12:27:28","guid":{"rendered":"http:\/\/temkad.org\/?page_id=838"},"modified":"2026-04-08T20:13:18","modified_gmt":"2026-04-08T17:13:18","slug":"yeni-ana-sayfa","status":"publish","type":"page","link":"https:\/\/temkad.org\/","title":{"rendered":"Anasayfa"},"content":{"rendered":"<!-- wp:themify-builder\/canvas \/-->","protected":false},"excerpt":{"rendered":"","protected":false},"author":1,"featured_media":0,"parent":0,"menu_order":0,"comment_status":"closed","ping_status":"closed","template":"","meta":{"site-sidebar-layout":"default","site-content-layout":"default","ast-main-header-display":"","ast-hfb-above-header-display":"","ast-hfb-below-header-display":"","ast-hfb-mobile-header-display":"","site-post-title":"","ast-breadcrumbs-content":"","ast-featured-img":"","footer-sml-layout":"","theme-transparent-header-meta":"","adv-header-id-meta":"","stick-header-meta":"","header-above-stick-meta":"","header-main-stick-meta":"","header-below-stick-meta":"","footnotes":""},"class_list":["post-838","page","type-page","status-publish","hentry"],"builder_content":"<h1 style=\"text-align: center;\">\u00a0Yakla\u015fan Etkinlikler<\/h1>\n<h2 style=\"text-align: right;\">\u00a0<\/h2> <h2 style=\"text-align: right;\">14. \u0130zmir Hematoloji Sempozyumu - 3-5 Nisan 2026<\/h2> <h2 style=\"text-align: right;\">4. Mu\u011fla Hematoloji Sempozyumu - 17-19 Nisan 2026<\/h2>\nTranspalantasyonda Kar\u015f\u0131la\u015f\u0131lan Zorluklar - 18 May\u0131s 2026 \u00a0\n\n<p>Mu\u011fla Temel ve Klinik Ara\u015ft\u0131rmalar Derne\u011fi<\/p>\n\n<em style=\"background-color:#000;color:#eee\" ><svg xmlns:xlink=\"http:\/\/www.w3.org\/1999\/xlink\" aria-hidden=\"true\"><use href=\"#tf-ti-location-pin\" xlink:href=\"#tf-ti-location-pin\"><\/use><\/svg><\/em> Bal\u0131bey Mah. Kusular Sok. No:4\/1 Mente\u015fe MU\u011eLA <em ><svg xmlns:xlink=\"http:\/\/www.w3.org\/1999\/xlink\" aria-hidden=\"true\"><use href=\"#tf-ti-email\" xlink:href=\"#tf-ti-email\"><\/use><\/svg><\/em> bilgi@temkad.org <em style=\"background-color:#000;color:#eee\" ><svg xmlns:xlink=\"http:\/\/www.w3.org\/1999\/xlink\" aria-hidden=\"true\"><use href=\"#tf-ti-mobile\" xlink:href=\"#tf-ti-mobile\"><\/use><\/svg><\/em> (553) 943 03 48\n<p>Bizi Takip Edin<\/p>\n<a href=\"https:\/\/www.facebook.com\/themify\"> <em ><svg xmlns:xlink=\"http:\/\/www.w3.org\/1999\/xlink\" aria-hidden=\"true\"><use href=\"#tf-ti-facebook\" xlink:href=\"#tf-ti-facebook\"><\/use><\/svg><\/em> <\/a> <a href=\"https:\/\/twitter.com\/temkadorg\"> <em ><svg xmlns:xlink=\"http:\/\/www.w3.org\/1999\/xlink\" aria-hidden=\"true\"><use href=\"#tf-ti-twitter\" xlink:href=\"#tf-ti-twitter\"><\/use><\/svg><\/em> <\/a> <a href=\"https:\/\/www.instagram.com\/temkadorg\/\"> <em ><svg xmlns:xlink=\"http:\/\/www.w3.org\/1999\/xlink\" aria-hidden=\"true\"><use href=\"#tf-ti-instagram\" xlink:href=\"#tf-ti-instagram\"><\/use><\/svg><\/em> <\/a> <a href=\"https:\/\/www.youtube.com\/channel\/UCu4125nJw3hcAZY0u6nxR1g\"> <em ><svg xmlns:xlink=\"http:\/\/www.w3.org\/1999\/xlink\" aria-hidden=\"true\"><use href=\"#tf-ti-youtube\" xlink:href=\"#tf-ti-youtube\"><\/use><\/svg><\/em> <\/a>","_links":{"self":[{"href":"https:\/\/temkad.org\/index.php?rest_route=\/wp\/v2\/pages\/838","targetHints":{"allow":["GET"]}}],"collection":[{"href":"https:\/\/temkad.org\/index.php?rest_route=\/wp\/v2\/pages"}],"about":[{"href":"https:\/\/temkad.org\/index.php?rest_route=\/wp\/v2\/types\/page"}],"author":[{"embeddable":true,"href":"https:\/\/temkad.org\/index.php?rest_route=\/wp\/v2\/users\/1"}],"replies":[{"embeddable":true,"href":"https:\/\/temkad.org\/index.php?rest_route=%2Fwp%2Fv2%2Fcomments&post=838"}],"version-history":[{"count":190,"href":"https:\/\/temkad.org\/index.php?rest_route=\/wp\/v2\/pages\/838\/revisions"}],"predecessor-version":[{"id":2486,"href":"https:\/\/temkad.org\/index.php?rest_route=\/wp\/v2\/pages\/838\/revisions\/2486"}],"wp:attachment":[{"href":"https:\/\/temkad.org\/index.php?rest_route=%2Fwp%2Fv2%2Fmedia&parent=838"}],"curies":[{"name":"wp","href":"https:\/\/api.w.org\/{rel}","templated":true}]}}