{"id":930,"date":"2022-04-20T12:42:18","date_gmt":"2022-04-20T12:42:18","guid":{"rendered":"http:\/\/temkad.org\/?page_id=930"},"modified":"2026-01-22T15:45:13","modified_gmt":"2026-01-22T12:45:13","slug":"yonetim-kurulu-2","status":"publish","type":"page","link":"https:\/\/temkad.org\/?page_id=930","title":{"rendered":"Y\u00f6netim Kurulu"},"content":{"rendered":"<!-- wp:themify-builder\/canvas \/-->","protected":false},"excerpt":{"rendered":"","protected":false},"author":1,"featured_media":0,"parent":0,"menu_order":0,"comment_status":"closed","ping_status":"closed","template":"","meta":{"site-sidebar-layout":"default","site-content-layout":"default","ast-main-header-display":"","ast-hfb-above-header-display":"","ast-hfb-below-header-display":"","ast-hfb-mobile-header-display":"","site-post-title":"","ast-breadcrumbs-content":"","ast-featured-img":"","footer-sml-layout":"","theme-transparent-header-meta":"","adv-header-id-meta":"","stick-header-meta":"","header-above-stick-meta":"","header-main-stick-meta":"","header-below-stick-meta":"","footnotes":""},"class_list":["post-930","page","type-page","status-publish","hentry"],"builder_content":"<h2 style=\"text-align: center;\">Y\u00f6netim<\/h2>\n\n<img src=\"https:\/\/temkad.org\/wp-content\/uploads\/2026\/01\/gokhan-akademik-foto-290x290.jpeg\" width=\"290\" height=\"290\" title=\"Do\u00e7. Dr. G\u00f6khan PEKTA\u015e\" alt=\"Ba\u015fkan\" srcset=\"https:\/\/temkad.org\/wp-content\/uploads\/2026\/01\/gokhan-akademik-foto-290x290.jpeg 290w, https:\/\/temkad.org\/wp-content\/uploads\/2026\/01\/gokhan-akademik-foto-150x150.jpeg 150w\" sizes=\"(max-width: 290px) 100vw, 290px\" \/> <h3> Do\u00e7. Dr. G\u00f6khan PEKTA\u015e <\/h3> Ba\u015fkan\n<img src=\"https:\/\/temkad.org\/wp-content\/uploads\/2025\/10\/WhatsApp-Image-2023-12-27-at-17.01.52-Kopya-290x290.jpeg\" width=\"290\" height=\"290\" title=\"Dr. U\u011fur BEK\u00c7\u0130BA\u015eI\" alt=\"Ba\u015fkan Yard\u0131mc\u0131s\u0131\" srcset=\"https:\/\/temkad.org\/wp-content\/uploads\/2025\/10\/WhatsApp-Image-2023-12-27-at-17.01.52-Kopya-290x290.jpeg 290w, https:\/\/temkad.org\/wp-content\/uploads\/2025\/10\/WhatsApp-Image-2023-12-27-at-17.01.52-Kopya-150x150.jpeg 150w\" sizes=\"(max-width: 290px) 100vw, 290px\" \/> <h3> Dr. U\u011fur BEK\u00c7\u0130BA\u015eI <\/h3> Ba\u015fkan Yard\u0131mc\u0131s\u0131\n<img src=\"https:\/\/temkad.org\/wp-content\/uploads\/2025\/10\/Suzan-Demir-Pektas-290x290.jpeg\" width=\"290\" height=\"290\" title=\"Prof. Dr. Suzan Demir PEKTA\u015e\" alt=\"\u00dcye\" srcset=\"https:\/\/temkad.org\/wp-content\/uploads\/2025\/10\/Suzan-Demir-Pektas-290x290.jpeg 290w, https:\/\/temkad.org\/wp-content\/uploads\/2025\/10\/Suzan-Demir-Pektas-150x150.jpeg 150w\" sizes=\"(max-width: 290px) 100vw, 290px\" \/> <h3> Prof. Dr. Suzan Demir PEKTA\u015e <\/h3> \u00dcye\n<img src=\"https:\/\/temkad.org\/wp-content\/uploads\/2025\/10\/hicran-290x290.jpg\" width=\"290\" height=\"290\" title=\"Hicran MISIRO\u011eLU -\u00a0Sekreter\" alt=\"Hicran MISIRO\u011eLU -\u00a0Sekreter\" srcset=\"https:\/\/temkad.org\/wp-content\/uploads\/2025\/10\/hicran-290x290.jpg 290w, https:\/\/temkad.org\/wp-content\/uploads\/2025\/10\/hicran-300x300.jpg 300w, https:\/\/temkad.org\/wp-content\/uploads\/2025\/10\/hicran-150x150.jpg 150w, https:\/\/temkad.org\/wp-content\/uploads\/2025\/10\/hicran.jpg 706w\" sizes=\"(max-width: 290px) 100vw, 290px\" \/> <h3> Hicran MISIRO\u011eLU -\u00a0Sekreter <\/h3>\n<img src=\"https:\/\/temkad.org\/wp-content\/uploads\/2025\/10\/mct-290x290.jpg\" width=\"290\" height=\"290\" title=\"Murat Cemil TEKEL\u0130\" alt=\"Sayman\" srcset=\"https:\/\/temkad.org\/wp-content\/uploads\/2025\/10\/mct-290x290.jpg 290w, https:\/\/temkad.org\/wp-content\/uploads\/2025\/10\/mct-150x150.jpg 150w\" sizes=\"(max-width: 290px) 100vw, 290px\" \/> <h3> Murat Cemil TEKEL\u0130 <\/h3> Sayman\n<h2 style=\"text-align: center;\">Yedek<\/h2>\n\n<img src=\"https:\/\/temkad.org\/wp-content\/uploads\/2022\/05\/ali-alkan-290x290.jpeg\" width=\"290\" height=\"290\" title=\"Do\u00e7. Dr. Ali ALKAN\" alt=\"Do\u00e7. Dr. Ali ALKAN\" srcset=\"https:\/\/temkad.org\/wp-content\/uploads\/2022\/05\/ali-alkan-290x290.jpeg 290w, https:\/\/temkad.org\/wp-content\/uploads\/2022\/05\/ali-alkan-150x150.jpeg 150w\" sizes=\"(max-width: 290px) 100vw, 290px\" \/> <h3> Do\u00e7. Dr. Ali ALKAN <\/h3>\n<img src=\"https:\/\/temkad.org\/wp-content\/uploads\/2022\/05\/hasan-tunca-290x290.jpeg\" width=\"290\" height=\"290\" title=\"Dr. \u00d6\u011fr. \u00dcyesi Hasan TUNCA\" alt=\"Dr. \u00d6\u011fr. \u00dcyesi Hasan TUNCA\" srcset=\"https:\/\/temkad.org\/wp-content\/uploads\/2022\/05\/hasan-tunca-290x290.jpeg 290w, https:\/\/temkad.org\/wp-content\/uploads\/2022\/05\/hasan-tunca-150x150.jpeg 150w\" sizes=\"(max-width: 290px) 100vw, 290px\" \/> <h3> Dr. \u00d6\u011fr. \u00dcyesi Hasan TUNCA <\/h3>\n<img src=\"https:\/\/temkad.org\/wp-content\/uploads\/2025\/10\/alper-alp-290x290.jpeg\" width=\"290\" height=\"290\" title=\"Do\u00e7.Dr. Alper Alp\" alt=\"Do\u00e7.Dr. Alper Alp\" srcset=\"https:\/\/temkad.org\/wp-content\/uploads\/2025\/10\/alper-alp-290x290.jpeg 290w, https:\/\/temkad.org\/wp-content\/uploads\/2025\/10\/alper-alp-150x150.jpeg 150w\" sizes=\"(max-width: 290px) 100vw, 290px\" \/> <h3> Do\u00e7.Dr. Alper Alp <\/h3>\n<img src=\"https:\/\/temkad.org\/wp-content\/uploads\/2022\/05\/melike-ersoy-290x290.jpeg\" width=\"290\" height=\"290\" title=\"Dr. \u00d6\u011fr. \u00dcyesi Melike ERSOY\" alt=\"Dr. \u00d6\u011fr. \u00dcyesi Melike ERSOY\" srcset=\"https:\/\/temkad.org\/wp-content\/uploads\/2022\/05\/melike-ersoy-290x290.jpeg 290w, https:\/\/temkad.org\/wp-content\/uploads\/2022\/05\/melike-ersoy-150x150.jpeg 150w\" sizes=\"(max-width: 290px) 100vw, 290px\" \/> <h3> Dr. \u00d6\u011fr. \u00dcyesi Melike ERSOY <\/h3>\n<img src=\"https:\/\/temkad.org\/wp-content\/uploads\/2025\/10\/Dr_Ogr_-Uyesi-Dilek-GIBYELI-GENEK-290x290.jpg\" width=\"290\" height=\"290\" title=\"Dr. \u00d6\u011fr. \u00dcyesi Dilek Gibyeli Genek\" alt=\"Dr. \u00d6\u011fr. \u00dcyesi Dilek Gibyeli Genek\" srcset=\"https:\/\/temkad.org\/wp-content\/uploads\/2025\/10\/Dr_Ogr_-Uyesi-Dilek-GIBYELI-GENEK-290x290.jpg 290w, https:\/\/temkad.org\/wp-content\/uploads\/2025\/10\/Dr_Ogr_-Uyesi-Dilek-GIBYELI-GENEK-150x150.jpg 150w\" sizes=\"(max-width: 290px) 100vw, 290px\" \/> <h3> Dr. \u00d6\u011fr. \u00dcyesi Dilek Gibyeli Genek <\/h3>","_links":{"self":[{"href":"https:\/\/temkad.org\/index.php?rest_route=\/wp\/v2\/pages\/930","targetHints":{"allow":["GET"]}}],"collection":[{"href":"https:\/\/temkad.org\/index.php?rest_route=\/wp\/v2\/pages"}],"about":[{"href":"https:\/\/temkad.org\/index.php?rest_route=\/wp\/v2\/types\/page"}],"author":[{"embeddable":true,"href":"https:\/\/temkad.org\/index.php?rest_route=\/wp\/v2\/users\/1"}],"replies":[{"embeddable":true,"href":"https:\/\/temkad.org\/index.php?rest_route=%2Fwp%2Fv2%2Fcomments&post=930"}],"version-history":[{"count":22,"href":"https:\/\/temkad.org\/index.php?rest_route=\/wp\/v2\/pages\/930\/revisions"}],"predecessor-version":[{"id":2442,"href":"https:\/\/temkad.org\/index.php?rest_route=\/wp\/v2\/pages\/930\/revisions\/2442"}],"wp:attachment":[{"href":"https:\/\/temkad.org\/index.php?rest_route=%2Fwp%2Fv2%2Fmedia&parent=930"}],"curies":[{"name":"wp","href":"https:\/\/api.w.org\/{rel}","templated":true}]}}